ate the highest common factor of 126 and 80332.
14
What is the greatest common factor of 1769 and 928?
29
What is the greatest common divisor of 540783 and 27?
27
What is the greatest common factor of 242599 and 1421?
49
What is the greatest common factor of 2176 and 65552?
272
Calculate the highest common divisor of 958750 and 295.
295
Calculate the highest common factor of 37 and 1553.
1
What is the greatest common divisor of 24242 and 335172?
1054
What is the highest common factor of 256 and 14384?
16
What is the greatest common factor of 523263 and 169?
13
What is the highest common divisor of 11885 and 20?
5
What is the greatest common divisor of 214999 and 238?
17
What is the highest common divisor of 2885733 and 459?
459
What is the highest common factor of 25857 and 39117?
663
Calculate the highest common factor of 331665 and 120.
15
Calculate the highest common divisor of 5376 and 3762.
6
Calculate the highest common divisor of 240 and 2355.
15
Calculate the greatest common divisor of 888 and 8376504.
888
Calculate the greatest common divisor of 15775 and 20192.
631
Calculate the highest common factor of 131272 and 488.
488
What is the greatest common factor of 507 and 1827228?
507
What is the greatest common divisor of 64 and 76768?
32
Calculate the highest common factor of 129474 and 54.
18
What is the greatest common factor of 166365 and 720?
45
Calculate the greatest common divisor of 2479235 and 275.
55
What is the greatest common divisor of 3 and 29031?
3
Calculate the greatest common factor of 1413132 and 147.
21
What is the highest common factor of 384 and 9372?
12
Calculate the highest common divisor of 743319 and 99.
9
What is the greatest common factor of 111 and 197025?
111
What is the greatest common factor of 3204 and 1620?
36
Calculate the greatest common divisor of 2960 and 790.
10
Calculate the highest common factor of 168686 and 42.
14
Calculate the greatest common factor of 644905 and 10.
5
What is the highest common factor of 1330 and 1596?
266
What is the highest common divisor of 27808 and 374?
22
Calculate the highest common divisor of 9400 and 320070.
470
Calculate the greatest common factor of 50649 and 15.
3
Calculate the highest common divisor of 540 and 1005.
15
What is the greatest common factor of 2079474 and 5624?
1406
What is the greatest common factor of 1404 and 41886?
234
What is the highest common divisor of 245 and 540?
5
What is the greatest common factor of 330 and 14940?
30
Calculate the greatest common divisor of 1013872 and 4.
4
What is the highest common divisor of 230 and 1138730?
230
What is the greatest common factor of 404 and 68?
4
What is the greatest common factor of 25397 and 327?
109
What is the highest common factor of 2891 and 22951?
59
What is the greatest common factor of 297 and 37961?
11
What is the greatest common divisor of 2484 and 1404?
108
What is the greatest common factor of 29000 and 2536?
8
What is the highest common divisor of 2699742 and 888?
222
Calculate the greatest common factor of 5493731 and 58.
29
Calculate the greatest common divisor of 10290 and 2539915.
1715
Calculate the highest common divisor of 12426603 and 42.
21
Calculate the highest common factor of 2543736 and 263.
263
What is the greatest common divisor of 9225 and 38868?
123
What is the greatest common factor of 22 and 376574?
22
Calculate the greatest common factor of 615 and 45.
15
What is the highest common divisor of 290 and 1310?
10
Calculate the greatest common factor of 357 and 75.
3
Calculate the highest common divisor of 10 and 496330.
10
What is the highest common factor of 636 and 109074?
318
Calculate the highest common factor of 23 and 61709.
23
What is the greatest common factor of 1150 and 950?
50
What is the greatest common factor of 60952 and 874?
38
What is the greatest common factor of 1118 and 517849?
43
Calculate the highest common divisor of 159 and 2294529.
159
Calculate the highest common divisor of 161 and 197813.
7
What is the greatest common divisor of 22785 and 441?
147
What is the highest common factor of 969 and 83847?
57
What is the greatest common factor of 353538 and 90?
18
Calculate the greatest common factor of 224 and 264208.
112
What is the greatest common factor of 6403 and 6308?
19
What is the greatest common factor of 3447 and 63961?
383
What is the highest common factor of 492 and 29676?
12
What is the highest common factor of 6 and 539697?
3
Calculate the greatest common factor of 54 and 10254.
6
What is the greatest common divisor of 146763 and 207?
207
Calculate the highest common divisor of 15140 and 60.
20
What is the greatest common factor of 18168 and 240?
24
Calculate the greatest common factor of 12152 and 79184.
392
Calculate the greatest common factor of 720 and 43236.
36
Calculate the greatest common divisor of 16465 and 11926.
89
Calculate the greatest common factor of 1335780 and 360.
180
What is the greatest common factor of 41225 and 5610?
85
Calculate the greatest common factor of 870 and 66620.
10
Calculate the highest common factor of 85 and 27200.
85
What is the highest common divisor of 776 and 61207?
97
What is the highest common divisor of 6420 and 1177?
107
What is the highest common divisor of 33190 and 10?
10
What is the greatest common divisor of 38110 and 20806?
206
What is the greatest common factor of 252 and 55727?
7
Calculate the greatest common divisor of 671979 and 154.
77
Calculate the highest common factor of 16385 and 31465.
145
Calculate the highest common divisor of 956 and 380.
4
What is the highest common factor of 90170 and 10?
10
Calculate the greatest common factor of 49442 and 17936.
118
What is the highest common divisor of 2996 and 692932?
428
Calculate the highest common factor of 11256 and 134.
134
Calculate the greatest common divisor of 4603680 and 1472.
736
What is the highest common divisor of 576 and 512?
64
Calculate the greatest common divisor of 14505 and 8085.
15
Calculate the greatest common divisor of 10175 and 3145.
185
What is the greatest common factor of 96 and 183?
3
Calculate the greatest common factor of 3808 and 2590.
14
What is the highest common factor of 21114 and 68517?
207
Calculate the highest common divisor of 32427 and 56447.
1201
Calculate the highest common divisor of 3668 and 26516.
28
What is the greatest common divisor of 286754 and 2?
2
Calculate the highest common divisor of 25 and 1072585.
5
Calculate the highest common factor of 1868 and 2081419.
467
What is the highest common divisor of 9362 and 5394?
62
Calculate the highest common factor of 106 and 952887.
53
Calculate the highest common factor of 1357620 and 3300.
660
What is the highest common divisor of 105 and 146580?
105
What is the highest common factor of 749412 and 513?
27
Calculate the highest common factor of 36 and 153948.
12
What is the highest common factor of 119 and 1701?
7
What is the greatest common factor of 37539 and 139680?
873
What is the greatest common factor of 185 and 31894?
37
Calculate the highest common divisor of 63 and 10026.
9
Calculate the greatest common divisor of 48825 and 2475.
225
What is the greatest common divisor of 2862 and 10809?
9
Calculate the highest common divisor of 110 and 31610.
10
Calculate the highest common factor of 567 and 140133.
21
Calculate the greatest common factor of 7074 and 2753358.
786
What is the greatest common divisor of 1258 and 3256?
74
Calculate the highest common divisor of 318 and 173469.
159
Calculate the highest common factor of 27 and 463.
1
What is the highest common divisor of 457856 and 112?
112
What is the highest common divisor of 1111 and 761237?
101
What is the greatest common divisor of 14608 and 224?
16
What is the highest common factor of 522 and 31407?
87
Calculate the greatest common divisor of 256 and 348.
4
Calculate the highest common factor of 1 and 1327.
1
What is the greatest common divisor of 95 and 143488?
19
What is the greatest common divisor of 710 and 822819?
71
What is the greatest common divisor of 1652605 and 185?
185
What is the greatest common factor of 20 and 3080820?
20
Calculate the greatest common divisor of 369 and 28372.
41
Calculate the greatest common divisor of 14824 and 2040.
136
What is the greatest commo